{"id":345,"date":"2024-01-21T15:57:23","date_gmt":"2024-01-21T14:57:23","guid":{"rendered":"https:\/\/www.lesacrecoeur.be\/SC\/?page_id=345"},"modified":"2025-02-02T20:31:23","modified_gmt":"2025-02-02T19:31:23","slug":"on-parle-de-nous-dans-la-presse","status":"publish","type":"page","link":"https:\/\/www.lesacrecoeur.be\/SC\/on-parle-de-nous-dans-la-presse\/","title":{"rendered":"On parle de nous dans la presse"},"content":{"rendered":"\n<p><\/p>\n\n\n\n<ul class=\"wp-block-list\">\n<li>La RTBF parle de nous : <br><a href=\"https:\/\/www.rtbf.be\/article\/gerer-ses-emotions-quand-on-est-enfant-l-alternative-des-sports-de-combat-qui-fonctionne-11495291\"><strong><em>G\u00e9rer ses \u00e9motions quand on est enfant ? L\u2019alternative des sports de combat qui fonctionne<\/em><\/strong><\/a> <br><strong>\u00ab\u00a0RTBF &#8211; janvier 2025\u00a0\u00bb<\/strong><\/li>\n<\/ul>\n\n\n\n<figure class=\"wp-block-embed is-type-video is-provider-youtube wp-block-embed-youtube wp-embed-aspect-16-9 wp-has-aspect-ratio\"><div class=\"wp-block-embed__wrapper\">\n<iframe loading=\"lazy\" title=\"G\u00e9rer ses \u00e9motions - Yoseikan Budo\" width=\"780\" height=\"439\" src=\"https:\/\/www.youtube.com\/embed\/OmfXDIL1PVI?feature=oembed\" frameborder=\"0\" allow=\"accelerometer; autoplay; clipboard-write; encrypted-media; gyroscope; picture-in-picture; web-share\" referrerpolicy=\"strict-origin-when-cross-origin\" allowfullscreen><\/iframe>\n<\/div><\/figure>\n\n\n\n<p><\/p>\n\n\n\n<ul class=\"wp-block-list\">\n<li>Faire classe ensemble : Projet graine de m\u00e9diateur <strong>\u00ab\u00a0Imagine demain le monde &#8211; Janvier 2024\u00a0\u00bb<\/strong><\/li>\n<\/ul>\n\n\n\n<p>Extrait de l&rsquo;article : <\/p>\n\n\n\n<p style=\"font-size:16px\"><strong><em>Faire classe ensemble<\/em><\/strong><br><br>\u00abStop arr\u00eate ! \u00bb Flora, Nicolas, Hamza ou Lilou, assis par terre en cercle, s\u2019exclament en ch\u0153ur. Ils n\u2019ont pas oubli\u00e9 les conseils que leur donnait la semaine derni\u00e8re Gigi la girafe. Si un copain ou une copine les emb\u00eate, ils peuvent lui dire \u00ab stop arr\u00eate ! \u00bb.<strong> Dans la classe de troisi\u00e8me gardienne de Madame V\u00e9ronique, \u00e0 l\u2019\u00e9cole du Sacr\u00e9-C\u0153ur de Stockel, les petits \u00e9coutent avec plus ou moins d\u2019attention les histoires d\u2019Am\u00e9lie Sonet, animatrice du programme Graines de m\u00e9diateurs de l\u2019Universit\u00e9 de Paix.<\/strong> Elle sort Loulou le loup de sa valise. Un loup qui a essay\u00e9 le \u00ab stop arr\u00eate \u00bb mais pas toujours avec succ\u00e8s. \u00ab Qu\u2019est-ce qu\u2019il peut faire quand \u00e7a ne marche pas ? \u00bb, interroge l\u2019animatrice. \u00ab Demander \u00e0 madame \u00bb, dit un petit gar\u00e7on. \u00ab S\u2019en aller \u00bb, conseille une fillette. \u00ab Redire stop arr\u00eate \u00bb, pr\u00f4ne une autre. \u00ab L\u2019id\u00e9e est de montrer qu\u2019on peut faire autrement, explique plus tard Am\u00e9lie Sonet. D\u00e9dramatiser le conflit et leur donner des outils pour en sortir positivement, sans coups ou mots qui piquent\u2026 \u00bb<br><br><strong>Depuis une dizaine d\u2019ann\u00e9es, des formations de ce type ont lieu dans toutes les classes de cette \u00e9cole gardienne et primaire.<\/strong> \u00ab Nous d\u00e9sirions rendre les \u00e9l\u00e8ves plus acteurs dans la gestion de leurs conflits, raconte G\u00e9raldine Eechaute, la directrice. Ces animations renforcent la dynamique de groupe, permettent de constater et d\u2019accepter leurs diff\u00e9rences, et de cultiver leur empathie. \u00c7a fonctionne :<br><strong>nous voyons tr\u00e8s peu de violence dans la cour de r\u00e9cr\u00e9 ou les classes<\/strong>. \u00bb Les pratiques sont ancr\u00e9es dans le quotidien, r\u00e9p\u00e9t\u00e9es, de fa\u00e7on \u00e0 composer un v\u00e9ritable entra\u00eenement.<br><br>Tout le personnel est embarqu\u00e9 (et form\u00e9), invit\u00e9 \u00e0 agir de la mani\u00e8re la plus coh\u00e9rente possible. <strong>\u00ab C\u2019est devenu un langage commun \u00e0 tous. Nous amenons ainsi en secondaire des enfants diff\u00e9rents, capables de vivre avec les autres, de collaborer, des citoyens responsables \u00bb<\/strong>, se r\u00e9jouit la directrice.<\/p>\n\n\n\n<p class=\"has-large-font-size\"><strong><a href=\"https:\/\/www.lesacrecoeur.be\/SC\/wp-content\/uploads\/2024\/01\/Imagine-159.pdf\" data-type=\"link\" data-id=\"https:\/\/www.lesacrecoeur.be\/SC\/wp-content\/uploads\/2024\/01\/Imagine-159.pdf\">Article complet \u00e0 d\u00e9couvrir p. 39<\/a><\/strong><\/p>\n\n\n\n<p><\/p>\n\n\n\n<ul class=\"wp-block-list\">\n<li>Pr\u00e9sentation de l&rsquo;\u00e9quipe maternelles dans le magazine <strong>\u00ab\u00a0Entr\u00e9es libres &#8211; d\u00e9cembre 2023\u00a0\u00bb<\/strong><\/li>\n<\/ul>\n\n\n\n<p class=\"has-large-font-size\"><strong><a href=\"https:\/\/www.lesacrecoeur.be\/SC\/wp-content\/uploads\/2023\/12\/Presentation-Equipe-maternelles.pdf\" data-type=\"link\" data-id=\"https:\/\/www.lesacrecoeur.be\/SC\/wp-content\/uploads\/2023\/12\/Presentation-Equipe-maternelles.pdf\">A d\u00e9couvrir<\/a><\/strong><\/p>\n\n\n\n<p><\/p>\n","protected":false},"excerpt":{"rendered":"<p>Extrait de l&rsquo;article : Faire classe ensemble \u00abStop arr\u00eate ! \u00bb Flora, Nicolas, Hamza ou Lilou, assis par terre en cercle, s\u2019exclament en ch\u0153ur. Ils n\u2019ont pas oubli\u00e9 les conseils que leur donnait la semaine derni\u00e8re Gigi la girafe. Si un copain ou une copine les emb\u00eate, ils peuvent lui dire \u00ab stop arr\u00eate ! <a class=\"more-link\" href=\"https:\/\/www.lesacrecoeur.be\/SC\/on-parle-de-nous-dans-la-presse\/\">Lire plus &#8230;<\/a><\/p>\n","protected":false},"author":2,"featured_media":0,"parent":0,"menu_order":0,"comment_status":"closed","ping_status":"closed","template":"","meta":{"footnotes":""},"class_list":["post-345","page","type-page","status-publish","hentry"],"_links":{"self":[{"href":"https:\/\/www.lesacrecoeur.be\/SC\/wp-json\/wp\/v2\/pages\/345","targetHints":{"allow":["GET"]}}],"collection":[{"href":"https:\/\/www.lesacrecoeur.be\/SC\/wp-json\/wp\/v2\/pages"}],"about":[{"href":"https:\/\/www.lesacrecoeur.be\/SC\/wp-json\/wp\/v2\/types\/page"}],"author":[{"embeddable":true,"href":"https:\/\/www.lesacrecoeur.be\/SC\/wp-json\/wp\/v2\/users\/2"}],"replies":[{"embeddable":true,"href":"https:\/\/www.lesacrecoeur.be\/SC\/wp-json\/wp\/v2\/comments?post=345"}],"version-history":[{"count":5,"href":"https:\/\/www.lesacrecoeur.be\/SC\/wp-json\/wp\/v2\/pages\/345\/revisions"}],"predecessor-version":[{"id":401,"href":"https:\/\/www.lesacrecoeur.be\/SC\/wp-json\/wp\/v2\/pages\/345\/revisions\/401"}],"wp:attachment":[{"href":"https:\/\/www.lesacrecoeur.be\/SC\/wp-json\/wp\/v2\/media?parent=345"}],"curies":[{"name":"wp","href":"https:\/\/api.w.org\/{rel}","templated":true}]}}

<p></p>



<ul class="wp-block-list">
<li>La RTBF parle de nous : <br><a href="https://www.rtbf.be/article/gerer-ses-emotions-quand-on-est-enfant-l-alternative-des-sports-de-combat-qui-fonctionne-11495291"><strong><em>Gérer ses émotions quand on est enfant ? L’alternative des sports de combat qui fonctionne</em></strong></a> <br><strong>« RTBF &#8211; janvier 2025 »</strong></li>
</ul>



<figure class="wp-block-embed is-type-video is-provider-youtube wp-block-embed-youtube wp-embed-aspect-16-9 wp-has-aspect-ratio"><div class="wp-block-embed__wrapper">
<iframe loading="lazy" title="Gérer ses émotions - Yoseikan Budo" width="780" height="439" src="https://www.youtube.com/embed/OmfXDIL1PVI?feature=oembed" frameborder="0" allow="accelerometer; autoplay; clipboard-write; encrypted-media; gyroscope; picture-in-picture; web-share" referrerpolicy="strict-origin-when-cross-origin" allowfullscreen></iframe>
</div></figure>



<p></p>



<ul class="wp-block-list">
<li>Faire classe ensemble : Projet graine de médiateur <strong>« Imagine demain le monde &#8211; Janvier 2024 »</strong></li>
</ul>



<p>Extrait de l&rsquo;article : </p>



<p style="font-size:16px"><strong><em>Faire classe ensemble</em></strong><br><br>«Stop arrête ! » Flora, Nicolas, Hamza ou Lilou, assis par terre en cercle, s’exclament en chœur. Ils n’ont pas oublié les conseils que leur donnait la semaine dernière Gigi la girafe. Si un copain ou une copine les embête, ils peuvent lui dire « stop arrête ! ».<strong> Dans la classe de troisième gardienne de Madame Véronique, à l’école du Sacré-Cœur de Stockel, les petits écoutent avec plus ou moins d’attention les histoires d’Amélie Sonet, animatrice du programme Graines de médiateurs de l’Université de Paix.</strong> Elle sort Loulou le loup de sa valise. Un loup qui a essayé le « stop arrête » mais pas toujours avec succès. « Qu’est-ce qu’il peut faire quand ça ne marche pas ? », interroge l’animatrice. « Demander à madame », dit un petit garçon. « S’en aller », conseille une fillette. « Redire stop arrête », prône une autre. « L’idée est de montrer qu’on peut faire autrement, explique plus tard Amélie Sonet. Dédramatiser le conflit et leur donner des outils pour en sortir positivement, sans coups ou mots qui piquent… »<br><br><strong>Depuis une dizaine d’années, des formations de ce type ont lieu dans toutes les classes de cette école gardienne et primaire.</strong> « Nous désirions rendre les élèves plus acteurs dans la gestion de leurs conflits, raconte Géraldine Eechaute, la directrice. Ces animations renforcent la dynamique de groupe, permettent de constater et d’accepter leurs différences, et de cultiver leur empathie. Ça fonctionne :<br><strong>nous voyons très peu de violence dans la cour de récré ou les classes</strong>. » Les pratiques sont ancrées dans le quotidien, répétées, de façon à composer un véritable entraînement.<br><br>Tout le personnel est embarqué (et formé), invité à agir de la manière la plus cohérente possible. <strong>« C’est devenu un langage commun à tous. Nous amenons ainsi en secondaire des enfants différents, capables de vivre avec les autres, de collaborer, des citoyens responsables »</strong>, se réjouit la directrice.</p>



<p class="has-large-font-size"><strong><a href="https://www.lesacrecoeur.be/SC/wp-content/uploads/2024/01/Imagine-159.pdf" data-type="link" data-id="https://www.lesacrecoeur.be/SC/wp-content/uploads/2024/01/Imagine-159.pdf">Article complet à découvrir p. 39</a></strong></p>



<p></p>



<ul class="wp-block-list">
<li>Présentation de l&rsquo;équipe maternelles dans le magazine <strong>« Entrées libres &#8211; décembre 2023 »</strong></li>
</ul>



<p class="has-large-font-size"><strong><a href="https://www.lesacrecoeur.be/SC/wp-content/uploads/2023/12/Presentation-Equipe-maternelles.pdf" data-type="link" data-id="https://www.lesacrecoeur.be/SC/wp-content/uploads/2023/12/Presentation-Equipe-maternelles.pdf">A découvrir</a></strong></p>



<p></p>

<p>Extrait de l&rsquo;article : Faire classe ensemble «Stop arrête ! » Flora, Nicolas, Hamza ou Lilou, assis par terre en cercle, s’exclament en chœur. Ils n’ont pas oublié les conseils que leur donnait la semaine dernière Gigi la girafe. Si un copain ou une copine les embête, ils peuvent lui dire « stop arrête ! <a class="more-link" href="https://www.lesacrecoeur.be/SC/on-parle-de-nous-dans-la-presse/">Lire plus &#8230;</a></p>
